?
-3
-7 (base 15) to base 9
-7
-11202 (base 4) to base 8
-542
Convert 10 (base 7) to base 3.
21
157 (base 16) to base 10
343
What is -2 (base 5) in base 6?
-2
19 (base 10) to base 2
10011
2 (base 11) to base 2
10
What is 1 (base 13) in base 4?
1
Convert 133 (base 11) to base 9.
184
-1b (base 12) to base 14
-19
-24 (base 12) to base 3
-1001
Convert -15 (base 10) to base 11.
-14
What is 14 (base 10) in base 4?
32
11 (base 5) to base 13
6
Convert 13 (base 11) to base 16.
e
Convert 2 (base 9) to base 3.
2
Convert 1c (base 15) to base 5.
102
Convert -2 (base 8) to base 12.
-2
Convert 201 (base 3) to base 11.
18
101110110 (base 2) to base 14
1ca
What is 2 (base 14) in base 8?
2
Convert 5 (base 16) to base 10.
5
Convert 3 (base 16) to base 11.
3
Convert 1 (base 8) to base 14.
1
Convert -4 (base 10) to base 4.
-10
-2a (base 11) to base 12
-28
What is 16 (base 14) in base 9?
22
Convert 0 (base 10) to base 14.
0
1 (base 7) to base 15
1
Convert 0 (base 13) to base 11.
0
Convert -11 (base 4) to base 12.
-5
What is 48 (base 15) in base 13?
53
-2221 (base 3) to base 14
-59
-97 (base 12) to base 6
-311
What is -3 (base 14) in base 8?
-3
Convert 11 (base 9) to base 15.
a
0 (base 16) to base 4
0
Convert 2 (base 10) to base 2.
10
What is -17 (base 16) in base 2?
-10111
Convert -13 (base 6) to base 4.
-21
What is -11201 (base 3) in base 16?
-7f
What is 1020 (base 3) in base 11?
30
Convert 1 (base 12) to base 9.
1
What is 1000 (base 3) in base 6?
43
-20 (base 9) to base 7
-24
What is 123 (base 5) in base 14?
2a
What is -1 (base 16) in base 12?
-1
-13 (base 6) to base 4
-21
What is -3 (base 11) in base 10?
-3
-10 (base 2) to base 3
-2
Convert -6 (base 15) to base 14.
-6
What is -20 (base 3) in base 12?
-6
2a6 (base 12) to base 10
414
14 (base 8) to base 15
c
What is a (base 11) in base 5?
20
What is 1010000 (base 2) in base 14?
5a
Convert f (base 16) to base 8.
17
10 (base 2) to base 5
2
-231 (base 5) to base 9
-73
Convert 99 (base 11) to base 9.
130
0 (base 2) to base 14
0
What is 3 (base 11) in base 8?
3
9 (base 16) to base 9
10
What is 33 (base 6) in base 5?
41
100111 (base 2) to base 13
30
What is 24 (base 9) in base 10?
22
What is 100 (base 2) in base 16?
4
Convert -10 (base 2) to base 11.
-2
What is 12 (base 3) in base 2?
101
Convert -10 (base 11) to base 6.
-15
-192 (base 11) to base 4
-3132
4 (base 6) to base 11
4
22 (base 11) to base 6
40
2 (base 15) to base 14
2
Convert 130 (base 4) to base 8.
34
Convert 11 (base 3) to base 9.
4
Convert -5 (base 8) to base 5.
-10
Convert 0 (base 4) to base 6.
0
-25 (base 6) to base 3
-122
Convert 35 (base 9) to base 13.
26
What is -26 (base 11) in base 5?
-103
What is -44 (base 13) in base 6?
-132
-4 (base 11) to base 9
-4
Convert -42 (base 14) to base 7.
-112
-15 (base 9) to base 7
-20
Convert 2111 (base 3) to base 10.
67
-13 (base 16) to base 6
-31
143 (base 8) to base 7
201
Convert -1 (base 12) to base 4.
-1
6 (base 14) to base 15
6
Convert 42 (base 6) to base 4.
122
What is -5 (base 6) in base 2?
-101
-3 (base 14) to base 5
-3
What is 16 (base 8) in base 11?
13
-31 (base 7) to base 13
-19
171 (base 10) to base 8
253
What is -2212 (base 3) in base 9?
-85
Convert b (base 12) to base 16.
b
What is -13 (base 12) in base 9?
-16
Convert 1203 (base 4) to base 10.
99
What is -8 (base 9) in base 8?
-10
Convert 121 (base 5) to base 4.
210
Convert 13 (base 9) to base 10.
12
-1 (base 15) to base 4
-1
What is -201 (base 5) in base 14?
-39
Convert 4 (base 11) to base 9.
4
Convert 16 (base 7) to base 15.
d
Convert -2 (base 16) to base 15.
-2
8 (base 9) to base 14
8
-5 (base 14) to base 9
-5
2 (base 10) to base 14
2
-22 (base 9) to base 12
-18
Convert 3 (base 11) to base 3.
10
-2011 (base 3) to base 2
-111010
Convert -110 (base 3) to base 8.
-14
1 (base 5) to base 9
1
-1 (base 15) to base 5
-1
-38 (base 12) to base 9
-48
What is 33 (base 6) in base 4?
111
a (base 13) to base 10
10
Convert 8 (base 12) to base 2.
1000
What is 3 (base 13) in base 12?
3
What is -12 (base 3) in base 5?
-10
What is 64 (base 11) in base 8?
106
What is -5 (base 14) in base 8?
-5
13 (base 10) to base 14
d
Convert 121 (base 5) to base 11.
33
Convert 0 (base 15) to base 10.
0
-7 (base 8) to base 14
-7
22 (base 16) to base 7
46
What is 10100 (base 2) in base 15?
15
What is -43 (base 9) in base 3?
-1110
What is 26 (base 7) in base 5?
40
What is 11022 (base 4) in base 6?
1310
6 (base 14) to base 6
10
What is 10011 (base 2) in base 8?
23
Convert -47 (base 9) to base 15.
-2d
Convert 5 (base 9) to base 7.
5
30 (base 12) to base 5
121
What is 10 (base 2) in base 11?
2
Convert 34 (base 9) to base 16.
1f
What is 235 (base 8) in base 9?
184
Convert 0 (base 11) to base 2.
0
What is 12 (base 8) in base 7?
13
Convert -7 (base 9) to base 12.
-7
33 (base 6) to base 8
25
43 (base 13) to base 4
313
What is 0 (base 16) in base 5?
0
What is -40 (base 5) in base 16?
-14
What is 100021 (base 3) in base 15?
11a
Convert 231 (base 5) to base 6.
150
6 (base 11) to base 13
6
-100 (base 2) to base 5
-4
What is 52 (base 6) in base 13?
26
10101 (base 2) to base 7
30
What is 31 (base 6) in base 12?
17
2 (base 13) to base 5
2
What is 40 (base 5) in base 13?
17
Convert 2 (base 7) to base 8.
2
Convert 1001 (base 4) to base 7.
122
-5 (base 15) to base 11
-5
What is 2 (base 4) in base 16?
2
214 (base 5) to base 9
65
Convert -10000000 (base 2) to base 13.
-9b
Convert -4 (base 8) to base 11.
-4
7 (base 13) to base 8
7
Convert -11110 (base 2) to base 8.
-36
What is 11 (base 5) in base 8?
6
-10 (base 13) to base 3
-111
-2020 (base 3) to base 13
-48
4 (base 7) to base 16
4
1 (base 14) to base 13
1
Convert -120 (base 8) to base 5.
-310
What is 1110 (base 2) in base 10?
14
0 (base 10) to base 15
0
What is 192 (base 13) in base 7?
561
What is -3 (base 16) in base 11?
-3
What is 102 (base 4) in base 11?
17
What is -1 (base 15) in base 13?
-1
What is -100100 (base 2) in base 16?
-24
-11 (base 16) to base 14
-13
What is -1 (base 9) in base 3?
-1
What is 0 (base 9) in base 2?
0
What is 4 (base 10) in base 7?
4
Convert 17 (base 16) to base 7.
32
4 (base 15) to base 16
4
Convert 3 (base 14) to base 16.
3
Convert -11 (base 2) to base 10.
-3
What is 3 (base 11) in base 4?
3
Convert dc (base 14) to base 6.
522
Convert -2 (base 13) to base 7.
-2
Convert -3 (base 12) to base 7.
-3
-1000 (base 2) to base 13
-8
What is 301 (base 4) in base 16?
31
What is 1022 (base 3) in base 14?
27
Convert 4 (base 13) to base 15.
4
Convert 12 (base 4) to base 5.
11
-1301 (base 4) to base 13
-89
-4 (base 5) to base 6
-4
What is 5 (base 15) in base 11?
5
53 (base 16) to base 8
123
20210 (base 3) to base 9
223
330 (base 5) to base 12
76
What is 2 (base 8) in base 11?
2
1130 (base 4) to base 11
84
603 (base 7) to base 13
19b
What is -127 (base 8) in base 16?
-57
-9 (base 16) to base 11
-9
16 (base 12) to base 14
14
Convert -163 (base 11) to base 9.
-231
Convert -3 (base 14) to base 4.
-3
What is 32 (base 6) in base 8?
24
Convert 112 (base 3) to base 6.
22
2 (base 4) to base 6
2
110 (base 2) to base 3
20
-a (base 15) to base 8
-12
-4 (base 16) to base 8
-4
551 (base 6) to base 10
211
Convert 20000 (base 3) to base 15.
ac
What is -204 (base 8) in base 4?
-2010
Convert 82 (base 10) to base 5.
312
101012 (base 3) to base 4
10103
130 (base 5) to base 10
40
-44 (base 13) to base 8
-70
Convert -6 (base 8) to base 13.
-6
What is -33 (base 12) in base 9?
-43
24a (base 11) to base 8
450
Convert -2 (base 3) to base 9.
-2
4 (base 6) to base 11
4
-33 (base 10) to base 2
-100001
2210 (base 3) to base 8
113
What is 2 (base 11) in base 9?
2
43 (base 9) to base 4
213
Convert -160 (base 8) to base 14.
-80
5 (base 10) to base 11
5
Convert 33 (base 8) to base 11.
25
What is 2 (base 13) in base 10?
2
What is -4 (base 6) in base 15?
-4
-512 (base 6) to base 5
-1223
Convert 148 (base 10) to base 12.
104
What is -403 (base 5) in base 8?
-147
What is -a (base 12) in base 6?
-14
Convert -e (base 15) to base 9.
-15
-1 (base 6) to base 8
-1
Convert 164 (base 15) to base 13.
1b7
What is 20 (base 3) in base 13?
6
Convert 8 (base 13) to base 2.
1000
What is -1100110 (base 2) in base 12?
-86
-8 (base 12) to base 8
-10
Convert -3 (base 6) to base 15.
-3
What is -4d (base 16) in base 5?
-302
21 (base 8) to base 5
32
What is -323 (base 4) in base 6?
-135
What is 1